t is the greatest common divisor of 19 and 64087?
19
Calculate the greatest common divisor of 130 and 75.
5
Calculate the highest common factor of 5835 and 32.
1
Calculate the highest common factor of 84 and 372330.
42
What is the greatest common factor of 1064 and 1049608?
56
What is the highest common divisor of 658 and 2337216?
658
Calculate the greatest common factor of 913801 and 4165.
833
What is the greatest common divisor of 22 and 35046?
22
What is the greatest common factor of 40216 and 7788?
44
Calculate the highest common factor of 47899 and 323.
19
What is the highest common factor of 134377 and 332?
83
Calculate the highest common factor of 2211 and 216018.
33
Calculate the highest common divisor of 3553 and 34.
17
Calculate the highest common divisor of 2278 and 17.
17
What is the greatest common factor of 8671 and 22997?
377
Calculate the highest common divisor of 63566 and 148.
74
What is the greatest common factor of 18421 and 14872?
169
Calculate the greatest common factor of 136 and 5.
1
Calculate the greatest common factor of 119 and 1853.
17
Calculate the highest common factor of 297 and 5599.
11
Calculate the highest common divisor of 90 and 90720.
90
What is the greatest common divisor of 25 and 204600?
25
What is the greatest common factor of 404 and 31007?
101
What is the highest common factor of 60495 and 777?
111
Calculate the greatest common factor of 420 and 50316.
84
What is the highest common divisor of 415462 and 558?
62
What is the greatest common factor of 143701 and 136?
17
What is the highest common divisor of 84036 and 9024?
564
What is the highest common factor of 169 and 111709?
169
Calculate the highest common divisor of 96768 and 4266.
54
What is the greatest common factor of 962888 and 888?
296
Calculate the greatest common divisor of 30 and 972.
6
What is the greatest common factor of 144 and 738?
18
What is the greatest common factor of 140 and 289620?
20
Calculate the highest common divisor of 423624 and 399.
57
What is the highest common divisor of 210 and 115318?
14
What is the highest common factor of 56293 and 41?
41
Calculate the greatest common divisor of 34 and 228922.
34
What is the greatest common divisor of 1792 and 7824?
16
What is the greatest common factor of 63 and 23679?
9
What is the greatest common factor of 1421 and 1189?
29
Calculate the greatest common divisor of 87 and 162777.
87
What is the greatest common factor of 212825 and 350?
25
What is the greatest common factor of 1755 and 20020?
65
Calculate the highest common divisor of 11413 and 5424.
113
What is the highest common factor of 66794 and 14?
14
Calculate the greatest common factor of 210 and 73584.
42
What is the greatest common factor of 148624 and 336?
112
What is the highest common factor of 257292 and 684?
36
Calculate the greatest common divisor of 1736 and 6696.
248
What is the highest common factor of 146230 and 70?
70
What is the highest common divisor of 7 and 2356151?
7
What is the greatest common factor of 527 and 2760953?
527
Calculate the highest common factor of 4752 and 1068.
12
What is the greatest common divisor of 37565 and 33?
11
Calculate the highest common divisor of 17844 and 9576.
12
What is the greatest common factor of 324194 and 1480?
74
Calculate the highest common divisor of 1803870 and 170.
170
Calculate the highest common factor of 11725 and 9849.
469
Calculate the greatest common divisor of 12 and 592530.
6
What is the greatest common factor of 177 and 336123?
177
Calculate the highest common divisor of 769 and 1193488.
769
Calculate the highest common divisor of 10698 and 27.
3
What is the highest common divisor of 168 and 1650432?
168
What is the greatest common factor of 16 and 79596?
4
Calculate the greatest common factor of 69 and 3817678.
23
Calculate the greatest common factor of 611 and 377.
13
Calculate the greatest common factor of 125599 and 116.
29
What is the highest common factor of 2041 and 21632?
13
What is the highest common divisor of 22492 and 12?
4
What is the highest common divisor of 2403 and 2943?
27
Calculate the greatest common divisor of 3051 and 864.
27
What is the highest common factor of 15184 and 1110330?
1898
What is the highest common factor of 144888 and 24?
24
What is the greatest common factor of 87 and 308125?
29
Calculate the highest common factor of 161 and 9191007.
161
Calculate the greatest common factor of 748 and 453475.
187
What is the highest common factor of 107359 and 6517?
343
What is the greatest common factor of 143 and 256553?
11
What is the highest common factor of 909 and 1454097?
303
What is the highest common factor of 172 and 57878?
86
Calculate the greatest common factor of 27612 and 936.
468
What is the greatest common divisor of 839702 and 1598?
94
Calculate the greatest common factor of 37978 and 3043.
17
What is the highest common factor of 21756 and 784?
196
What is the highest common divisor of 18 and 617346?
18
What is the greatest common divisor of 10083 and 6?
3
What is the greatest common divisor of 96 and 4962?
6
What is the highest common factor of 169308 and 36?
36
Calculate the highest common divisor of 46158 and 9114.
294
Calculate the highest common divisor of 24 and 301374.
6
What is the greatest common factor of 99 and 295779?
33
What is the greatest common factor of 2587 and 995?
199
Calculate the highest common divisor of 920142 and 2635.
527
Calculate the greatest common divisor of 34 and 59483.
17
Calculate the highest common divisor of 435 and 1950105.
435
What is the highest common divisor of 95910 and 690?
690
What is the highest common factor of 8670 and 5559?
51
Calculate the highest common factor of 183249 and 737.
11
Calculate the greatest common divisor of 6179 and 1480.
37
Calculate the greatest common divisor of 7458 and 5280.
66
Calculate the highest common factor of 3995 and 155006.
799
What is the greatest common divisor of 253952 and 7192?
248
Calculate the greatest common factor of 90 and 100.
10
What is the greatest common divisor of 4824 and 98289?
603
Calculate the greatest common divisor of 2506 and 64082.
358
Calculate the greatest common divisor of 531 and 17745.
3
What is the greatest common factor of 34965 and 567?
189
What is the highest common factor of 56 and 3556?
28
What is the greatest common divisor of 2405 and 168545?
65
Calculate the greatest common factor of 7769 and 807062.
457
What is the highest common divisor of 133 and 517845?
19
What is the greatest common divisor of 15336 and 360?
72
What is the highest common divisor of 7271 and 22?
11
Calculate the greatest common factor of 50625 and 7695.
405
Calculate the greatest common factor of 5470 and 530.
10
What is the greatest common divisor of 60 and 214400?
20
What is the highest common divisor of 3154 and 27702?
38
What is the greatest common factor of 3816 and 35244?
36
What is the highest common factor of 40 and 7415?
5
What is the greatest common factor of 2716 and 3794?
14
What is the greatest common factor of 55342 and 6608?
826
Calculate the highest common divisor of 546 and 479310.
78
Calculate the highest common divisor of 84 and 48.
12
Calculate the highest common factor of 126708 and 48.
12
Calculate the greatest common factor of 249 and 6640.
83
What is the greatest common divisor of 1098 and 1368?
18
What is the highest common factor of 6144 and 42?
6
What is the highest common divisor of 473 and 29513?
11
What is the highest common divisor of 248 and 53723?
31
What is the highest common divisor of 5516 and 11116?
28
Calculate the highest common factor of 343353 and 3.
3
What is the highest common divisor of 28 and 10012?
4
What is the highest common factor of 21144 and 21?
3
What is the highest common divisor of 454 and 294419?
227
What is the highest common factor of 12 and 1227216?
12
What is the greatest common factor of 1374700 and 16225?
1475
Calculate the greatest common factor of 112000 and 6300.
700
What is the greatest common divisor of 3539107 and 22?
11
Calculate the greatest common factor of 6 and 137451.
3
Calculate the highest common factor of 4881375 and 1125.
1125
What is the greatest common divisor of 1184 and 46583?
37
What is the highest common factor of 71560 and 640?
40
Calculate the hi